{"id":188,"date":"2025-02-22T14:47:58","date_gmt":"2025-02-22T12:47:58","guid":{"rendered":"https:\/\/balticrest.com\/eesti\/?page_id=188"},"modified":"2025-02-26T20:11:39","modified_gmt":"2025-02-26T18:11:39","slug":"changeknow","status":"publish","type":"page","link":"https:\/\/balticrest.com\/eesti\/changeknow\/","title":{"rendered":"Change(K)now!"},"content":{"rendered":"\n<h2 class=\"wp-block-heading\">Change(K)now! \u2013 M\u00f5tteviisi muutus \u00fcleminekuks ringsetele lahendustele toidupakkumise s\u00fcsteemides L\u00e4\u00e4nemere piirkonna linnades<\/h2>\n\n\n\n<p>Baltic Restaurants Estonia AS on \u00fchinenud Change(K)now! projektiga, mille eesm\u00e4rk on kaasa aidata kohalike omavalitsuste, toidu kohaletoimetamise ettev\u00f5tete ja elanike m\u00f5tteviisi muutumisele, et minna toidupakkumise s\u00fcsteemides \u00fchekorran\u00f5udelt \u00fcle ringsetele lahendustele.<\/p>\n\n\n\n<p>Active project&nbsp; &nbsp; &nbsp; &nbsp; &nbsp; &nbsp; &nbsp; &nbsp; &nbsp; &nbsp; &nbsp; &nbsp; &nbsp; &nbsp; &nbsp; &nbsp; &nbsp; &nbsp; &nbsp; &nbsp; &nbsp; Project contact<\/p>\n\n\n\n<p>2023\u20132026&nbsp; &nbsp; &nbsp; &nbsp; &nbsp; &nbsp; &nbsp; &nbsp; &nbsp; &nbsp; &nbsp; &nbsp; &nbsp; &nbsp; &nbsp; &nbsp; &nbsp; &nbsp; &nbsp; &nbsp; &nbsp; &nbsp; &nbsp; &nbsp;&nbsp;<a href=\"https:\/\/www.sei.org\/people\/harri-moora\/\">Harri Moora<\/a>&nbsp;\/&nbsp;<a href=\"mailto:harri.moora@sei.org\">harri.moora@sei.org<\/a><\/p>\n\n\n\n<p>Olemasolevad ringsed lahendused on kohap\u00f5hised ning neid ei kohandata teiste piirkondade vajadustele. Samuti ei laiendata s\u00fcsteemi piisavalt, et lahendused ettev\u00f5tjatele ja tarbijatele vastuv\u00f5etavamaks muuta.<\/p>\n\n\n\n<p>Change(K)now! soovib m\u00f5tteviisi muutmisele kaasa aidata:<\/p>\n\n\n\n<p>a) lahenduste protot\u00fc\u00fcpide loomisega,<\/p>\n\n\n\n<p>b) nende katsetamise ja hindamisega<\/p>\n\n\n\n<p>c) olemasolevate ringsete lahenduste edasi arendamisega j\u00e4rgmistel tasanditel: kohaliku omavalitsuse strateegiline juhtimine ja kommunikatsioon, toitlustamine asutustes ja \u00fcritustel, ning toidu kaasav\u00f5tmine ja kojutoomine.<\/p>\n\n\n\n<p>Lisaks luuakse lahendusi k\u00e4sitlev koolitusprogramm, mis soodustab projekti tulemuste levitamist kohalikul tasandil. Koolituse eesm\u00e4rk on n\u00f5ustada omavalitsusi, kuidas saada j\u00e4tkusuutlikkuse keskusteks, kes integreerivad ringmajandust oma tegevustesse ja piirkonda, \u00e4rgitavad ettev\u00f5tteid oma tegevuse keskkonnajalaj\u00e4lge v\u00e4hendama ning kutsuvad \u00fcles elanikke oma tarbimisotsuseid muutma.<\/p>\n\n\n\n<h3 class=\"wp-block-heading\">Partnerid<\/h3>\n\n\n\n<p>Projektis osaleb 23 partnerit kaheksast L\u00e4\u00e4nemere-\u00e4\u00e4rsest riigist (Eesti, L\u00e4ti, Leedu, Poola, Saksamaa, Taani, Soome, Rootsi)<\/p>\n\n\n\n<p><strong>Juhtpartner:<\/strong><\/p>\n\n\n\n<p>Vidzeme K\u00f5rgkool (L\u00e4ti)<\/p>\n\n\n\n<p><strong>Partnerid Eestis:<\/strong><\/p>\n\n\n\n<ul class=\"wp-block-list\">\n<li>SEI Tallinn<\/li>\n\n\n\n<li>Tallinna Strateegiakeskus<\/li>\n\n\n\n<li>Balti Keskkonnafoorum<\/li>\n\n\n\n<li>Baltic Restaurants Estonia AS<\/li>\n<\/ul>\n\n\n\n<h3 class=\"wp-block-heading\">Rahastus<\/h3>\n\n\n\n<p>Seda projekti rahastab Interreg L\u00e4\u00e4nemere piirkonna programm 2021-2027.<\/p>\n\n\n\n<figure class=\"wp-block-image size-large is-resized\"><img fetchpriority=\"high\" decoding=\"async\" width=\"1024\" height=\"433\" src=\"https:\/\/balticrest.com\/eesti\/wp-content\/uploads\/sites\/5\/2025\/02\/changeknow-logo-standard-medium-1024x433.png\" alt=\"\" class=\"wp-image-337\" style=\"object-fit:cover;width:501px;height:212px\" srcset=\"https:\/\/balticrest.com\/eesti\/wp-content\/uploads\/sites\/5\/2025\/02\/changeknow-logo-standard-medium-1024x433.png 1024w, https:\/\/balticrest.com\/eesti\/wp-content\/uploads\/sites\/5\/2025\/02\/changeknow-logo-standard-medium-300x127.png 300w, https:\/\/balticrest.com\/eesti\/wp-content\/uploads\/sites\/5\/2025\/02\/changeknow-logo-standard-medium-768x325.png 768w, https:\/\/balticrest.com\/eesti\/wp-content\/uploads\/sites\/5\/2025\/02\/changeknow-logo-standard-medium.png 1220w\" sizes=\"(max-width: 1024px) 100vw, 1024px\" \/><\/figure>\n","protected":false},"excerpt":{"rendered":"<p>Change(K)now! \u2013 M\u00f5tteviisi muutus \u00fcleminekuks ringsetele lahendustele toidupakkumise s\u00fcsteemides L\u00e4\u00e4nemere piirkonna linnades Baltic Restaurants Estonia AS on \u00fchinenud Change(K)now! projektiga, mille eesm\u00e4rk on kaasa aidata kohalike omavalitsuste, toidu kohaletoimetamise ettev\u00f5tete ja elanike m\u00f5tteviisi muutumisele, et minna toidupakkumise s\u00fcsteemides \u00fchekorran\u00f5udelt \u00fcle ringsetele lahendustele. Active project&nbsp; &nbsp; &nbsp; &nbsp; &nbsp; &nbsp; &nbsp; &nbsp; &nbsp; &nbsp; &nbsp; &nbsp; [&hellip;]<\/p>\n","protected":false},"author":1,"featured_media":0,"parent":0,"menu_order":0,"comment_status":"closed","ping_status":"closed","template":"","meta":{"_acf_changed":false,"inline_featured_image":false,"_exactmetrics_skip_tracking":false,"_exactmetrics_sitenote_active":false,"_exactmetrics_sitenote_note":"","_exactmetrics_sitenote_category":0,"footnotes":""},"class_list":["post-188","page","type-page","status-publish","hentry"],"acf":[],"yoast_head":"<!-- This site is optimized with the Yoast SEO plugin v27.5 - https:\/\/yoast.com\/product\/yoast-seo-wordpress\/ -->\n<title>Change(K)now! - Baltic Restaurants Eesti<\/title>\n<meta name=\"robots\" content=\"index, follow, max-snippet:-1, max-image-preview:large, max-video-preview:-1\" \/>\n<link rel=\"canonical\" href=\"https:\/\/balticrest.com\/eesti\/changeknow\/\" \/>\n<meta property=\"og:locale\" content=\"en_GB\" \/>\n<meta property=\"og:type\" content=\"article\" \/>\n<meta property=\"og:title\" content=\"Change(K)now! - Baltic Restaurants Eesti\" \/>\n<meta property=\"og:description\" content=\"Change(K)now! \u2013 M\u00f5tteviisi muutus \u00fcleminekuks ringsetele lahendustele toidupakkumise s\u00fcsteemides L\u00e4\u00e4nemere piirkonna linnades Baltic Restaurants Estonia AS on \u00fchinenud Change(K)now! projektiga, mille eesm\u00e4rk on kaasa aidata kohalike omavalitsuste, toidu kohaletoimetamise ettev\u00f5tete ja elanike m\u00f5tteviisi muutumisele, et minna toidupakkumise s\u00fcsteemides \u00fchekorran\u00f5udelt \u00fcle ringsetele lahendustele. Active project&nbsp; &nbsp; &nbsp; &nbsp; &nbsp; &nbsp; &nbsp; &nbsp; &nbsp; &nbsp; &nbsp; &nbsp; [&hellip;]\" \/>\n<meta property=\"og:url\" content=\"https:\/\/balticrest.com\/eesti\/changeknow\/\" \/>\n<meta property=\"og:site_name\" content=\"Baltic Restaurants Eesti\" \/>\n<meta property=\"article:modified_time\" content=\"2025-02-26T18:11:39+00:00\" \/>\n<meta property=\"og:image\" content=\"https:\/\/balticrest.com\/eesti\/wp-content\/uploads\/sites\/5\/2025\/02\/changeknow-logo-standard-medium.png\" \/>\n\t<meta property=\"og:image:width\" content=\"1220\" \/>\n\t<meta property=\"og:image:height\" content=\"516\" \/>\n\t<meta property=\"og:image:type\" content=\"image\/png\" \/>\n<meta name=\"twitter:card\" content=\"summary_large_image\" \/>\n<meta name=\"twitter:label1\" content=\"Estimated reading time\" \/>\n\t<meta name=\"twitter:data1\" content=\"2 minutes\" \/>\n<script type=\"application\/ld+json\" class=\"yoast-schema-graph\">{\"@context\":\"https:\\\/\\\/schema.org\",\"@graph\":[{\"@type\":\"WebPage\",\"@id\":\"https:\\\/\\\/balticrest.com\\\/eesti\\\/changeknow\\\/\",\"url\":\"https:\\\/\\\/balticrest.com\\\/eesti\\\/changeknow\\\/\",\"name\":\"Change(K)now! - Baltic Restaurants Eesti\",\"isPartOf\":{\"@id\":\"https:\\\/\\\/balticrest.com\\\/eesti\\\/#website\"},\"primaryImageOfPage\":{\"@id\":\"https:\\\/\\\/balticrest.com\\\/eesti\\\/changeknow\\\/#primaryimage\"},\"image\":{\"@id\":\"https:\\\/\\\/balticrest.com\\\/eesti\\\/changeknow\\\/#primaryimage\"},\"thumbnailUrl\":\"https:\\\/\\\/balticrest.com\\\/eesti\\\/wp-content\\\/uploads\\\/sites\\\/5\\\/2025\\\/02\\\/changeknow-logo-standard-medium-1024x433.png\",\"datePublished\":\"2025-02-22T12:47:58+00:00\",\"dateModified\":\"2025-02-26T18:11:39+00:00\",\"breadcrumb\":{\"@id\":\"https:\\\/\\\/balticrest.com\\\/eesti\\\/changeknow\\\/#breadcrumb\"},\"inLanguage\":\"en-GB\",\"potentialAction\":[{\"@type\":\"ReadAction\",\"target\":[\"https:\\\/\\\/balticrest.com\\\/eesti\\\/changeknow\\\/\"]}]},{\"@type\":\"ImageObject\",\"inLanguage\":\"en-GB\",\"@id\":\"https:\\\/\\\/balticrest.com\\\/eesti\\\/changeknow\\\/#primaryimage\",\"url\":\"https:\\\/\\\/balticrest.com\\\/eesti\\\/wp-content\\\/uploads\\\/sites\\\/5\\\/2025\\\/02\\\/changeknow-logo-standard-medium.png\",\"contentUrl\":\"https:\\\/\\\/balticrest.com\\\/eesti\\\/wp-content\\\/uploads\\\/sites\\\/5\\\/2025\\\/02\\\/changeknow-logo-standard-medium.png\",\"width\":1220,\"height\":516},{\"@type\":\"BreadcrumbList\",\"@id\":\"https:\\\/\\\/balticrest.com\\\/eesti\\\/changeknow\\\/#breadcrumb\",\"itemListElement\":[{\"@type\":\"ListItem\",\"position\":1,\"name\":\"Home\",\"item\":\"https:\\\/\\\/balticrest.com\\\/eesti\\\/\"},{\"@type\":\"ListItem\",\"position\":2,\"name\":\"Change(K)now!\"}]},{\"@type\":\"WebSite\",\"@id\":\"https:\\\/\\\/balticrest.com\\\/eesti\\\/#website\",\"url\":\"https:\\\/\\\/balticrest.com\\\/eesti\\\/\",\"name\":\"Baltic Restaurants Eesti\",\"description\":\"\",\"publisher\":{\"@id\":\"https:\\\/\\\/balticrest.com\\\/eesti\\\/#organization\"},\"potentialAction\":[{\"@type\":\"SearchAction\",\"target\":{\"@type\":\"EntryPoint\",\"urlTemplate\":\"https:\\\/\\\/balticrest.com\\\/eesti\\\/?s={search_term_string}\"},\"query-input\":{\"@type\":\"PropertyValueSpecification\",\"valueRequired\":true,\"valueName\":\"search_term_string\"}}],\"inLanguage\":\"en-GB\"},{\"@type\":\"Organization\",\"@id\":\"https:\\\/\\\/balticrest.com\\\/eesti\\\/#organization\",\"name\":\"Baltic Restaurants Eesti\",\"url\":\"https:\\\/\\\/balticrest.com\\\/eesti\\\/\",\"logo\":{\"@type\":\"ImageObject\",\"inLanguage\":\"en-GB\",\"@id\":\"https:\\\/\\\/balticrest.com\\\/eesti\\\/#\\\/schema\\\/logo\\\/image\\\/\",\"url\":\"https:\\\/\\\/balticrest.com\\\/eesti\\\/wp-content\\\/uploads\\\/sites\\\/5\\\/2025\\\/02\\\/BR-Header-Logo-BR.svg\",\"contentUrl\":\"https:\\\/\\\/balticrest.com\\\/eesti\\\/wp-content\\\/uploads\\\/sites\\\/5\\\/2025\\\/02\\\/BR-Header-Logo-BR.svg\",\"width\":296,\"height\":27,\"caption\":\"Baltic Restaurants Eesti\"},\"image\":{\"@id\":\"https:\\\/\\\/balticrest.com\\\/eesti\\\/#\\\/schema\\\/logo\\\/image\\\/\"}}]}<\/script>\n<!-- \/ Yoast SEO plugin. -->","yoast_head_json":{"title":"Change(K)now! - Baltic Restaurants Eesti","robots":{"index":"index","follow":"follow","max-snippet":"max-snippet:-1","max-image-preview":"max-image-preview:large","max-video-preview":"max-video-preview:-1"},"canonical":"https:\/\/balticrest.com\/eesti\/changeknow\/","og_locale":"en_GB","og_type":"article","og_title":"Change(K)now! - Baltic Restaurants Eesti","og_description":"Change(K)now! \u2013 M\u00f5tteviisi muutus \u00fcleminekuks ringsetele lahendustele toidupakkumise s\u00fcsteemides L\u00e4\u00e4nemere piirkonna linnades Baltic Restaurants Estonia AS on \u00fchinenud Change(K)now! projektiga, mille eesm\u00e4rk on kaasa aidata kohalike omavalitsuste, toidu kohaletoimetamise ettev\u00f5tete ja elanike m\u00f5tteviisi muutumisele, et minna toidupakkumise s\u00fcsteemides \u00fchekorran\u00f5udelt \u00fcle ringsetele lahendustele. Active project&nbsp; &nbsp; &nbsp; &nbsp; &nbsp; &nbsp; &nbsp; &nbsp; &nbsp; &nbsp; &nbsp; &nbsp; [&hellip;]","og_url":"https:\/\/balticrest.com\/eesti\/changeknow\/","og_site_name":"Baltic Restaurants Eesti","article_modified_time":"2025-02-26T18:11:39+00:00","og_image":[{"width":1220,"height":516,"url":"https:\/\/balticrest.com\/eesti\/wp-content\/uploads\/sites\/5\/2025\/02\/changeknow-logo-standard-medium.png","type":"image\/png"}],"twitter_card":"summary_large_image","twitter_misc":{"Estimated reading time":"2 minutes"},"schema":{"@context":"https:\/\/schema.org","@graph":[{"@type":"WebPage","@id":"https:\/\/balticrest.com\/eesti\/changeknow\/","url":"https:\/\/balticrest.com\/eesti\/changeknow\/","name":"Change(K)now! - Baltic Restaurants Eesti","isPartOf":{"@id":"https:\/\/balticrest.com\/eesti\/#website"},"primaryImageOfPage":{"@id":"https:\/\/balticrest.com\/eesti\/changeknow\/#primaryimage"},"image":{"@id":"https:\/\/balticrest.com\/eesti\/changeknow\/#primaryimage"},"thumbnailUrl":"https:\/\/balticrest.com\/eesti\/wp-content\/uploads\/sites\/5\/2025\/02\/changeknow-logo-standard-medium-1024x433.png","datePublished":"2025-02-22T12:47:58+00:00","dateModified":"2025-02-26T18:11:39+00:00","breadcrumb":{"@id":"https:\/\/balticrest.com\/eesti\/changeknow\/#breadcrumb"},"inLanguage":"en-GB","potentialAction":[{"@type":"ReadAction","target":["https:\/\/balticrest.com\/eesti\/changeknow\/"]}]},{"@type":"ImageObject","inLanguage":"en-GB","@id":"https:\/\/balticrest.com\/eesti\/changeknow\/#primaryimage","url":"https:\/\/balticrest.com\/eesti\/wp-content\/uploads\/sites\/5\/2025\/02\/changeknow-logo-standard-medium.png","contentUrl":"https:\/\/balticrest.com\/eesti\/wp-content\/uploads\/sites\/5\/2025\/02\/changeknow-logo-standard-medium.png","width":1220,"height":516},{"@type":"BreadcrumbList","@id":"https:\/\/balticrest.com\/eesti\/changeknow\/#breadcrumb","itemListElement":[{"@type":"ListItem","position":1,"name":"Home","item":"https:\/\/balticrest.com\/eesti\/"},{"@type":"ListItem","position":2,"name":"Change(K)now!"}]},{"@type":"WebSite","@id":"https:\/\/balticrest.com\/eesti\/#website","url":"https:\/\/balticrest.com\/eesti\/","name":"Baltic Restaurants Eesti","description":"","publisher":{"@id":"https:\/\/balticrest.com\/eesti\/#organization"},"potentialAction":[{"@type":"SearchAction","target":{"@type":"EntryPoint","urlTemplate":"https:\/\/balticrest.com\/eesti\/?s={search_term_string}"},"query-input":{"@type":"PropertyValueSpecification","valueRequired":true,"valueName":"search_term_string"}}],"inLanguage":"en-GB"},{"@type":"Organization","@id":"https:\/\/balticrest.com\/eesti\/#organization","name":"Baltic Restaurants Eesti","url":"https:\/\/balticrest.com\/eesti\/","logo":{"@type":"ImageObject","inLanguage":"en-GB","@id":"https:\/\/balticrest.com\/eesti\/#\/schema\/logo\/image\/","url":"https:\/\/balticrest.com\/eesti\/wp-content\/uploads\/sites\/5\/2025\/02\/BR-Header-Logo-BR.svg","contentUrl":"https:\/\/balticrest.com\/eesti\/wp-content\/uploads\/sites\/5\/2025\/02\/BR-Header-Logo-BR.svg","width":296,"height":27,"caption":"Baltic Restaurants Eesti"},"image":{"@id":"https:\/\/balticrest.com\/eesti\/#\/schema\/logo\/image\/"}}]}},"_links":{"self":[{"href":"https:\/\/balticrest.com\/eesti\/wp-json\/wp\/v2\/pages\/188","targetHints":{"allow":["GET"]}}],"collection":[{"href":"https:\/\/balticrest.com\/eesti\/wp-json\/wp\/v2\/pages"}],"about":[{"href":"https:\/\/balticrest.com\/eesti\/wp-json\/wp\/v2\/types\/page"}],"author":[{"embeddable":true,"href":"https:\/\/balticrest.com\/eesti\/wp-json\/wp\/v2\/users\/1"}],"replies":[{"embeddable":true,"href":"https:\/\/balticrest.com\/eesti\/wp-json\/wp\/v2\/comments?post=188"}],"version-history":[{"count":4,"href":"https:\/\/balticrest.com\/eesti\/wp-json\/wp\/v2\/pages\/188\/revisions"}],"predecessor-version":[{"id":2012,"href":"https:\/\/balticrest.com\/eesti\/wp-json\/wp\/v2\/pages\/188\/revisions\/2012"}],"wp:attachment":[{"href":"https:\/\/balticrest.com\/eesti\/wp-json\/wp\/v2\/media?parent=188"}],"curies":[{"name":"wp","href":"https:\/\/api.w.org\/{rel}","templated":true}]}}