{"id":196,"date":"2025-02-22T14:49:29","date_gmt":"2025-02-22T12:49:29","guid":{"rendered":"https:\/\/balticrest.com\/eesti\/?page_id=196"},"modified":"2025-02-23T14:14:03","modified_gmt":"2025-02-23T12:14:03","slug":"kohvikud-ja-restoranid","status":"publish","type":"page","link":"https:\/\/balticrest.com\/eesti\/meist\/kohvikud-ja-restoranid\/","title":{"rendered":"Kohvikud ja restoranid"},"content":{"rendered":"\n<p>Meie pakutavad eined ja suupisted kaubandus- ja \u00e4rikeskuste restoranides ja kohvikutes <a href=\"http:\/\/www.chat.restaurant\/eesti\/ee\/main\/\">Chat<\/a> ning <a href=\"http:\/\/www.takeoff.ee\/ee\">Take Off<\/a> sobivad loomulikult igap\u00e4evasesse puhkehetke. Magus annus energiat enne lendu, tasane puhkus ostude vahel v\u00f5i \u00e4rialased l\u00e4bir\u00e4\u00e4kimised maitsvas \u00f5hkkonnas.<\/p>\n","protected":false},"excerpt":{"rendered":"<p>Meie pakutavad eined ja suupisted kaubandus- ja \u00e4rikeskuste restoranides ja kohvikutes Chat ning Take Off sobivad loomulikult igap\u00e4evasesse puhkehetke. Magus annus energiat enne lendu, tasane puhkus ostude vahel v\u00f5i \u00e4rialased l\u00e4bir\u00e4\u00e4kimised maitsvas \u00f5hkkonnas.<\/p>\n","protected":false},"author":1,"featured_media":212,"parent":190,"menu_order":0,"comment_status":"closed","ping_status":"closed","template":"","meta":{"_acf_changed":false,"inline_featured_image":false,"_exactmetrics_skip_tracking":false,"_exactmetrics_sitenote_active":false,"_exactmetrics_sitenote_note":"","_exactmetrics_sitenote_category":0,"footnotes":""},"class_list":["post-196","page","type-page","status-publish","has-post-thumbnail","hentry"],"acf":[],"yoast_head":"<!-- This site is optimized with the Yoast SEO plugin v27.4 - https:\/\/yoast.com\/product\/yoast-seo-wordpress\/ -->\n<title>Kohvikud ja restoranid - Baltic Restaurants Eesti<\/title>\n<meta name=\"robots\" content=\"index, follow, max-snippet:-1, max-image-preview:large, max-video-preview:-1\" \/>\n<link rel=\"canonical\" href=\"https:\/\/balticrest.com\/eesti\/meist\/kohvikud-ja-restoranid\/\" \/>\n<meta property=\"og:locale\" content=\"en_GB\" \/>\n<meta property=\"og:type\" content=\"article\" \/>\n<meta property=\"og:title\" content=\"Kohvikud ja restoranid - Baltic Restaurants Eesti\" \/>\n<meta property=\"og:description\" content=\"Meie pakutavad eined ja suupisted kaubandus- ja \u00e4rikeskuste restoranides ja kohvikutes Chat ning Take Off sobivad loomulikult igap\u00e4evasesse puhkehetke. Magus annus energiat enne lendu, tasane puhkus ostude vahel v\u00f5i \u00e4rialased l\u00e4bir\u00e4\u00e4kimised maitsvas \u00f5hkkonnas.\" \/>\n<meta property=\"og:url\" content=\"https:\/\/balticrest.com\/eesti\/meist\/kohvikud-ja-restoranid\/\" \/>\n<meta property=\"og:site_name\" content=\"Baltic Restaurants Eesti\" \/>\n<meta property=\"article:modified_time\" content=\"2025-02-23T12:14:03+00:00\" \/>\n<meta property=\"og:image\" content=\"https:\/\/balticrest.com\/eesti\/wp-content\/uploads\/sites\/5\/2025\/02\/chat_ieeja.jpg\" \/>\n\t<meta property=\"og:image:width\" content=\"1920\" \/>\n\t<meta property=\"og:image:height\" content=\"760\" \/>\n\t<meta property=\"og:image:type\" content=\"image\/jpeg\" \/>\n<meta name=\"twitter:card\" content=\"summary_large_image\" \/>\n<meta name=\"twitter:label1\" content=\"Estimated reading time\" \/>\n\t<meta name=\"twitter:data1\" content=\"1 minute\" \/>\n<script type=\"application\/ld+json\" class=\"yoast-schema-graph\">{\"@context\":\"https:\\\/\\\/schema.org\",\"@graph\":[{\"@type\":\"WebPage\",\"@id\":\"https:\\\/\\\/balticrest.com\\\/eesti\\\/meist\\\/kohvikud-ja-restoranid\\\/\",\"url\":\"https:\\\/\\\/balticrest.com\\\/eesti\\\/meist\\\/kohvikud-ja-restoranid\\\/\",\"name\":\"Kohvikud ja restoranid - Baltic Restaurants Eesti\",\"isPartOf\":{\"@id\":\"https:\\\/\\\/balticrest.com\\\/eesti\\\/#website\"},\"primaryImageOfPage\":{\"@id\":\"https:\\\/\\\/balticrest.com\\\/eesti\\\/meist\\\/kohvikud-ja-restoranid\\\/#primaryimage\"},\"image\":{\"@id\":\"https:\\\/\\\/balticrest.com\\\/eesti\\\/meist\\\/kohvikud-ja-restoranid\\\/#primaryimage\"},\"thumbnailUrl\":\"https:\\\/\\\/balticrest.com\\\/eesti\\\/wp-content\\\/uploads\\\/sites\\\/5\\\/2025\\\/02\\\/chat_ieeja.jpg\",\"datePublished\":\"2025-02-22T12:49:29+00:00\",\"dateModified\":\"2025-02-23T12:14:03+00:00\",\"breadcrumb\":{\"@id\":\"https:\\\/\\\/balticrest.com\\\/eesti\\\/meist\\\/kohvikud-ja-restoranid\\\/#breadcrumb\"},\"inLanguage\":\"en-GB\",\"potentialAction\":[{\"@type\":\"ReadAction\",\"target\":[\"https:\\\/\\\/balticrest.com\\\/eesti\\\/meist\\\/kohvikud-ja-restoranid\\\/\"]}]},{\"@type\":\"ImageObject\",\"inLanguage\":\"en-GB\",\"@id\":\"https:\\\/\\\/balticrest.com\\\/eesti\\\/meist\\\/kohvikud-ja-restoranid\\\/#primaryimage\",\"url\":\"https:\\\/\\\/balticrest.com\\\/eesti\\\/wp-content\\\/uploads\\\/sites\\\/5\\\/2025\\\/02\\\/chat_ieeja.jpg\",\"contentUrl\":\"https:\\\/\\\/balticrest.com\\\/eesti\\\/wp-content\\\/uploads\\\/sites\\\/5\\\/2025\\\/02\\\/chat_ieeja.jpg\",\"width\":1920,\"height\":760},{\"@type\":\"BreadcrumbList\",\"@id\":\"https:\\\/\\\/balticrest.com\\\/eesti\\\/meist\\\/kohvikud-ja-restoranid\\\/#breadcrumb\",\"itemListElement\":[{\"@type\":\"ListItem\",\"position\":1,\"name\":\"Home\",\"item\":\"https:\\\/\\\/balticrest.com\\\/eesti\\\/\"},{\"@type\":\"ListItem\",\"position\":2,\"name\":\"Meist\",\"item\":\"https:\\\/\\\/balticrest.com\\\/eesti\\\/meist\\\/\"},{\"@type\":\"ListItem\",\"position\":3,\"name\":\"Kohvikud ja restoranid\"}]},{\"@type\":\"WebSite\",\"@id\":\"https:\\\/\\\/balticrest.com\\\/eesti\\\/#website\",\"url\":\"https:\\\/\\\/balticrest.com\\\/eesti\\\/\",\"name\":\"Baltic Restaurants Eesti\",\"description\":\"\",\"publisher\":{\"@id\":\"https:\\\/\\\/balticrest.com\\\/eesti\\\/#organization\"},\"potentialAction\":[{\"@type\":\"SearchAction\",\"target\":{\"@type\":\"EntryPoint\",\"urlTemplate\":\"https:\\\/\\\/balticrest.com\\\/eesti\\\/?s={search_term_string}\"},\"query-input\":{\"@type\":\"PropertyValueSpecification\",\"valueRequired\":true,\"valueName\":\"search_term_string\"}}],\"inLanguage\":\"en-GB\"},{\"@type\":\"Organization\",\"@id\":\"https:\\\/\\\/balticrest.com\\\/eesti\\\/#organization\",\"name\":\"Baltic Restaurants Eesti\",\"url\":\"https:\\\/\\\/balticrest.com\\\/eesti\\\/\",\"logo\":{\"@type\":\"ImageObject\",\"inLanguage\":\"en-GB\",\"@id\":\"https:\\\/\\\/balticrest.com\\\/eesti\\\/#\\\/schema\\\/logo\\\/image\\\/\",\"url\":\"https:\\\/\\\/balticrest.com\\\/eesti\\\/wp-content\\\/uploads\\\/sites\\\/5\\\/2025\\\/02\\\/BR-Header-Logo-BR.svg\",\"contentUrl\":\"https:\\\/\\\/balticrest.com\\\/eesti\\\/wp-content\\\/uploads\\\/sites\\\/5\\\/2025\\\/02\\\/BR-Header-Logo-BR.svg\",\"width\":296,\"height\":27,\"caption\":\"Baltic Restaurants Eesti\"},\"image\":{\"@id\":\"https:\\\/\\\/balticrest.com\\\/eesti\\\/#\\\/schema\\\/logo\\\/image\\\/\"}}]}<\/script>\n<!-- \/ Yoast SEO plugin. -->","yoast_head_json":{"title":"Kohvikud ja restoranid - Baltic Restaurants Eesti","robots":{"index":"index","follow":"follow","max-snippet":"max-snippet:-1","max-image-preview":"max-image-preview:large","max-video-preview":"max-video-preview:-1"},"canonical":"https:\/\/balticrest.com\/eesti\/meist\/kohvikud-ja-restoranid\/","og_locale":"en_GB","og_type":"article","og_title":"Kohvikud ja restoranid - Baltic Restaurants Eesti","og_description":"Meie pakutavad eined ja suupisted kaubandus- ja \u00e4rikeskuste restoranides ja kohvikutes Chat ning Take Off sobivad loomulikult igap\u00e4evasesse puhkehetke. Magus annus energiat enne lendu, tasane puhkus ostude vahel v\u00f5i \u00e4rialased l\u00e4bir\u00e4\u00e4kimised maitsvas \u00f5hkkonnas.","og_url":"https:\/\/balticrest.com\/eesti\/meist\/kohvikud-ja-restoranid\/","og_site_name":"Baltic Restaurants Eesti","article_modified_time":"2025-02-23T12:14:03+00:00","og_image":[{"width":1920,"height":760,"url":"https:\/\/balticrest.com\/eesti\/wp-content\/uploads\/sites\/5\/2025\/02\/chat_ieeja.jpg","type":"image\/jpeg"}],"twitter_card":"summary_large_image","twitter_misc":{"Estimated reading time":"1 minute"},"schema":{"@context":"https:\/\/schema.org","@graph":[{"@type":"WebPage","@id":"https:\/\/balticrest.com\/eesti\/meist\/kohvikud-ja-restoranid\/","url":"https:\/\/balticrest.com\/eesti\/meist\/kohvikud-ja-restoranid\/","name":"Kohvikud ja restoranid - Baltic Restaurants Eesti","isPartOf":{"@id":"https:\/\/balticrest.com\/eesti\/#website"},"primaryImageOfPage":{"@id":"https:\/\/balticrest.com\/eesti\/meist\/kohvikud-ja-restoranid\/#primaryimage"},"image":{"@id":"https:\/\/balticrest.com\/eesti\/meist\/kohvikud-ja-restoranid\/#primaryimage"},"thumbnailUrl":"https:\/\/balticrest.com\/eesti\/wp-content\/uploads\/sites\/5\/2025\/02\/chat_ieeja.jpg","datePublished":"2025-02-22T12:49:29+00:00","dateModified":"2025-02-23T12:14:03+00:00","breadcrumb":{"@id":"https:\/\/balticrest.com\/eesti\/meist\/kohvikud-ja-restoranid\/#breadcrumb"},"inLanguage":"en-GB","potentialAction":[{"@type":"ReadAction","target":["https:\/\/balticrest.com\/eesti\/meist\/kohvikud-ja-restoranid\/"]}]},{"@type":"ImageObject","inLanguage":"en-GB","@id":"https:\/\/balticrest.com\/eesti\/meist\/kohvikud-ja-restoranid\/#primaryimage","url":"https:\/\/balticrest.com\/eesti\/wp-content\/uploads\/sites\/5\/2025\/02\/chat_ieeja.jpg","contentUrl":"https:\/\/balticrest.com\/eesti\/wp-content\/uploads\/sites\/5\/2025\/02\/chat_ieeja.jpg","width":1920,"height":760},{"@type":"BreadcrumbList","@id":"https:\/\/balticrest.com\/eesti\/meist\/kohvikud-ja-restoranid\/#breadcrumb","itemListElement":[{"@type":"ListItem","position":1,"name":"Home","item":"https:\/\/balticrest.com\/eesti\/"},{"@type":"ListItem","position":2,"name":"Meist","item":"https:\/\/balticrest.com\/eesti\/meist\/"},{"@type":"ListItem","position":3,"name":"Kohvikud ja restoranid"}]},{"@type":"WebSite","@id":"https:\/\/balticrest.com\/eesti\/#website","url":"https:\/\/balticrest.com\/eesti\/","name":"Baltic Restaurants Eesti","description":"","publisher":{"@id":"https:\/\/balticrest.com\/eesti\/#organization"},"potentialAction":[{"@type":"SearchAction","target":{"@type":"EntryPoint","urlTemplate":"https:\/\/balticrest.com\/eesti\/?s={search_term_string}"},"query-input":{"@type":"PropertyValueSpecification","valueRequired":true,"valueName":"search_term_string"}}],"inLanguage":"en-GB"},{"@type":"Organization","@id":"https:\/\/balticrest.com\/eesti\/#organization","name":"Baltic Restaurants Eesti","url":"https:\/\/balticrest.com\/eesti\/","logo":{"@type":"ImageObject","inLanguage":"en-GB","@id":"https:\/\/balticrest.com\/eesti\/#\/schema\/logo\/image\/","url":"https:\/\/balticrest.com\/eesti\/wp-content\/uploads\/sites\/5\/2025\/02\/BR-Header-Logo-BR.svg","contentUrl":"https:\/\/balticrest.com\/eesti\/wp-content\/uploads\/sites\/5\/2025\/02\/BR-Header-Logo-BR.svg","width":296,"height":27,"caption":"Baltic Restaurants Eesti"},"image":{"@id":"https:\/\/balticrest.com\/eesti\/#\/schema\/logo\/image\/"}}]}},"_links":{"self":[{"href":"https:\/\/balticrest.com\/eesti\/wp-json\/wp\/v2\/pages\/196","targetHints":{"allow":["GET"]}}],"collection":[{"href":"https:\/\/balticrest.com\/eesti\/wp-json\/wp\/v2\/pages"}],"about":[{"href":"https:\/\/balticrest.com\/eesti\/wp-json\/wp\/v2\/types\/page"}],"author":[{"embeddable":true,"href":"https:\/\/balticrest.com\/eesti\/wp-json\/wp\/v2\/users\/1"}],"replies":[{"embeddable":true,"href":"https:\/\/balticrest.com\/eesti\/wp-json\/wp\/v2\/comments?post=196"}],"version-history":[{"count":2,"href":"https:\/\/balticrest.com\/eesti\/wp-json\/wp\/v2\/pages\/196\/revisions"}],"predecessor-version":[{"id":358,"href":"https:\/\/balticrest.com\/eesti\/wp-json\/wp\/v2\/pages\/196\/revisions\/358"}],"up":[{"embeddable":true,"href":"https:\/\/balticrest.com\/eesti\/wp-json\/wp\/v2\/pages\/190"}],"wp:featuredmedia":[{"embeddable":true,"href":"https:\/\/balticrest.com\/eesti\/wp-json\/wp\/v2\/media\/212"}],"wp:attachment":[{"href":"https:\/\/balticrest.com\/eesti\/wp-json\/wp\/v2\/media?parent=196"}],"curies":[{"name":"wp","href":"https:\/\/api.w.org\/{rel}","templated":true}]}}